0 + 4 - (6 - -11)?
-53
What is the value of 10 - ((32 - -56) + -8 + -12 + -11 + 0)?
-47
52 - (-40 + (84 - 17))
25
What is the value of (-73 - (-115 + -69)) + -74?
37
What is -23 - (-44 + (41 - -6))?
-26
Evaluate 45 - (-23 + -41) - 4.
105
50 + 45 + -80 + 8
23
What is the value of 58 + -76 - -34 - 118?
-102
What is the value of -11 - (4 + -10 + 2 + -3 + 9 - 12)?
-1
Evaluate (-60 - 17) + 90 + (-3 - (68 + -3)).
-55
What is 12 + ((20 - -19) + -29 - (15 + -1))?
8
Evaluate -6 - -1 - 0 - ((-10 - 11 - -39) + 36).
-59
Evaluate (-43 - (0 + -2)) + ((-38 - -141) + -66 - 27).
-31
What is -23 + 8 + -27 + 36?
-6
What is 260 + -318 - (-89 + 4)?
27
Evaluate 95 + -47 + -87 + 83.
44
Calculate (7 - 9) + -82 - ((7 - 14) + -5).
-72
Calculate 99 - (-20 - (1 - (2 + 20))) - 21.
77
What is -8 + -4 + (10 + 0 - (202 - 247)) + -15?
28
Calculate -22 + 10 + -12 - (0 + 5).
-29
18 - (98 + (-29 - -6) + -4 + 15)
-68
Evaluate -3 + 2 + 26 + (-4 - (-19 + -1)).
41
What is 2 + -62 + -492 + 592?
40
-9 - (-107 + 166 - -31)
-99
What is the value of -78 - (-194 + (1 - -49))?
66
Calculate 3 - (-2 + 38 + -25 + (2 - 33)).
23
Evaluate (-3 - -3) + (-16 - (12 + -8)) + 14 - 55.
-61
(-9 - -27 - 24 - -4) + -50 + -16
-68
What is the value of 5 - 10 - -9 - (13 + (-15 - -4) + 6)?
-4
Evaluate -7 + (-11 - (-18 - -6)) - (-7 - (60 - 6)).
55
What is 106 + -8 - (-425 - -471)?
52
Calculate (-15 - (-3 - 2)) + 2 + (21 - 17) + -3.
-7
(-12 - (5 - 22)) + -13 + -26
-34
Evaluate (-58313 - -58237) + -10 + 2 + -3 + 2.
-85
(-246 - -181) + 6 + 82
23
21 + -13 + -5 + 8 + -5
6
What is the value of -9 + (-133 - -109) + (16 - 1)?
-18
What is 38 - (108 + -19 + -21)?
-30
What is 1447 + -1397 + (-58 - 0) + 22 + 0 + -1?
13
What is 9 + (-29 - ((-2 - 9) + 3 - -11 - 2))?
-21
What is 16 - 20 - ((-17 + 8 - -11) + 5)?
-11
Calculate (-3 + 3 - 11) + 13 + 29 + -36 - -20.
15
What is 15 + 1 - (16 + 19 + (12 - 50))?
19
Calculate 4 + (3 + 1 - 1) + -5 + (-376 - -350).
-24
Calculate 73 + (-46 - 27) - -53.
53
Calculate (1 - -7) + (-26 - (26 - (171 + (14 - 36)))).
105
Evaluate (-33 - (-24 + -69 + -41)) + 16.
117
What is (-44 - (-45 - -25)) + -20 + 10?
-34
What is 7 + -683 + 691 + (1 - 0) + -68?
-52
What is the value of (-36 - 0) + 5246 + -5121?
89
-39 + (49 - (-46 + 41 - -39))
-24
Evaluate (-10 + -13 - (12 - (-1 - -22))) + 49.
35
28 + 4 - (-570 - -585)
17
-10 - (-16 - -23) - (13 - -5)
-35
Evaluate (-53 - -22) + 18 + (11 - 5).
-7
Calculate (220 - 220) + (-12 - 2) - (5 - 3).
-16
What is the value of -45 + (17 - -62) + -20?
14
What is (-1840 - -1806) + (61 - 0)?
27
What is -25 + 47 - -14 - (-5 + 6)?
35
30 + (-40 - 5) + -6 - -9
-12
Evaluate -43 - (17 + -58) - ((2 - -31) + 2 - 0).
-37
-56 + -28 + 2 + -17 + 49
-50
Evaluate -4 - (11 + -5) - (9 + -6 - (22 + 6)).
15
(-2 - 0 - (88 + (28 - 112))) + (-52 - 1)
-59
What is the value of 4 - -39 - 26 - (-1 - (-3 + -100))?
-85
Evaluate 55 + (95 - 80 - 39).
31
Calculate (-3 - (7 - -5 - -26)) + (14 - -2).
-25
-2 + 25 + (-38 - -58)
43
-10 + -39 + (88 - 50)
-11
Calculate 187 + -183 + (-5 - (-1 + -7)) + -5.
2
Calculate (-243 - -274) + -62 + 6.
-25
13 + -3 + -3 + -5 + -9 + 11 - 34
-30
2 + (109 - (84 - -85))
-58
(-78 + 14 - -47) + -63
-80
Calculate 30 + (35 + -75 + 20 - -28).
38
What is the value of -28 + 19 + -2 + -1 - (-52 + 9)?
31
Evaluate (-7615 - -7656) + (2 - 160).
-117
Evaluate -23 + 5 - ((1 - 13) + 1 + 34 + -26).
-15
Calculate 9661 + -9618 - (1 - -4).
38
What is the value of (-7 - ((42 - (19 + -31)) + 13)) + 9?
-65
What is the value of (11 - (11 + 21 - (9 - 0))) + -22?
-34
What is 61 + -101 - -22 - 35?
-53
What is (-1281 - -1276) + 2 + 35?
32
Evaluate 12 + (3 - 0) + -1 - (8 + -67 - -33).
40
Evaluate 9 + 1 + -29 + (-40 - -67 - 27).
-19
Evaluate -25 + 0 - (52 + 119 - 142).
-54
What is the value of (-9 - -58 - 18) + (2 + 4 + -3 - 4)?
30
Calculate -10 + (-10 - (-16 - (1 - 5)) - -10).
2
What is -11 - (-4 - 9) - 11 - (1 - 14 - 1)?
5
Evaluate 34 - ((-289 - -206) + (-4 - -37)).
84
-71 - (-156 + 13) - 160
-88
Evaluate -190 - (-6 - 125) - (-5 - (1 - 3)).
-56
Calculate 2 + 112 - (134 - (-169 + 288)).
99
What is the value of -9 + 0 + -6 + (-50 + (-3 - 14) - -3)?
-79
Calculate 7 + (70 - (40 + 2)) + -108.
-73
Evaluate 1 + 9 + -7 + (-5 - -6 - -32).
36
What is -127 - (-83 + -43 - -99)?
-100
What is the value of (-863 - -786 - (0 - 18)) + (2 - -7)?
-50
What is the value of -2 + (0 - 86) - (1974 + -1995)?
-67
Evaluate 371 - (583 - 129) - (0 + -1 + 0).
-82
-5 + 1 - (-93 + (6 - (5 - 14)))
74
What is the value of (0 - (94 + -6)) + (-30 - -111) + -61?
-68
What is 131 - (25 + -27 - (0 + -8 + 2) - -9)?
118
Calculate 0 - 9 - (-68 + 10 + -95) - 21.
123
What is 12 - (32 - (-16 - (-26 + 20)))?
-30
Calculate 1 - (24 - (-1 - -9 - 3 - (3 + -6))).
-15
What is -29 + 5 + -4 + (-33 - -86)?
25
What is (3 - (7 + -8)) + 2 - (14 - -5)?
-13
Evaluate 3 + 63 + -121 - -31.
-24
Calculate -21 + 3 + (36 - 11) + -13 - 26.
-32
What is the value of (-19 - (15 - 21 - -6)) + 12?
-7
What is 16 - (-32 - (-29 + 22))?
41
Evaluate 5 - (-18 - (19 + -4)).
38
What is the value of (-8 - (-4 - 14)) + (1 - 16) + 6 + -3?
-2
What is 16 - (45 - (-18 - -23) - -22)?
-46
What is the value of -5 + -17 + -5 + -18 + -15?
-60
What is the value of (2 + -2 - 56) + 57 + (78 - 131)?
-52
What is -16 - 1 - (-952 + 848)?
87
0 - 1 - (0 - 23) - (-1 + (-6 - -6))
23
(143 - 86 - 81) + 91
67
-36 + -30 - ((6 - 21) + 5 + 17)
-73
Evaluate (6 - (4 + (16 - 30) + -32)) + -16.
32
1 + (1 - 115) + -8836 + 8798
-151
75 + (-86 - -4) + (-2 + 0 - 14)
-23
Evaluate 4 + -28 + -22 + -5 + 49.
-2
67 + 17 - 206 - -227
105
What is the value of 5 + (48 - 42 - -10) - -44?
65
What is the value of 30 + (34 - 33) - -19 - 3?
47
What is the value of (-18 + -11 - (4 - 1) - 5) + -9?
-46
What is 2 + 5 - -3 - (37 - (-55 - -86))?
4
69 + 1 - 22 - ((-22 - -5) + 3)
62
Evaluate 15 - (-2 + -8 + 17) - (15 - -88).
-95
Evaluate 25 + (0 - 0 - (5 + (45 - 36))).
11
195 - 201 - (-26 - 1 - (-7 - -1 - -1))
16
-44 + (52 - (-23 + 66))
-35
Calculate (6 - 72 - (30 + -25 - (0 - -8))) + 8.
-55
Evaluate 4 - (-2 + 0 + 14 - (275 + -317)).
-50
What is the value of ((0 - 16) + 17 - 5) + -44?
-48
Calculate -59 - (7 + -6 + -3 + -19 + 31).
-69
What is the value of (119 - 12) + -101 + 39 + -1 - -14?
58
What is -4 + (0 + -2 - -10) + -17 + 76?
63
Calculate -6 - (2 - 1) - (27 + 22 - 22).
-34
What is (59 - 56 - 52) + 98?
49
Evaluate 1 + -10 + (-38 - (-5 - (11 + -4 + -11))).
-46
Calculate 399 + -393 + (6 + 38 - (1 + -1 - -4)).
46
-5 + (-10 - -14) - (-1 + -18 + 6 + 3)
9
What is the value of -31 + 20 + -25 + (-2 - 2)?
-40
Evaluate (-2 + -15 - -1 - (-13 - (-204 - -191))) + -97.
-113
1 - -4 - 38 - (-21 - (9 + -26))
-29
What is the value of 24 + (-43 - -8) + 56 + 1 + -21?
25
Evaluate -6 + -2 - (-61 - -106 - 42).
-11
What is the value of (85 + 8 - -6) + 2 + (-18 - (-23 + 11))?
95
Evaluate (-13 - -21) + -5 + -2 + -12 + 28.
17
Evaluate -2 + 6 + -19 + 18 + -59 - 3.
-59
4 - 63 - (4102 - 4143)
-18
What is (1 - -13) + (282 - 189) + (-13 - 4) + 8?
98
What is the value of 11 + (98 - 178) + 22?
-47
-22 - (28 + -28 + -15) - 48
-55
What is the value of (1 - (-3 - 10)) + (-20 - 1) + -121?
-128
What is 6 - (-95 - -76) - -72?
97
Calculate (-13 - -37) + (8 + -28 - (50 - 149)).
103
What is the value of (-55 - (1 - (20 + -10 + -16 + -1))) + -6?
-69
(-28 - 15) + 49 - -32
38
Evaluate 20 + -46 + (127 - 59).
42
Evaluate 17 + (-36 + 19 - (-4 + 3 + -3)).
4
Evaluate (-1 - -2) + -33 - (-108 - (121 + -217)).
-20
44 + (1 - 50) + 14 + 0 + 54
63
What is (-59 - (88 + -169)) + 0 + 22?
44
What is -7 + -2 + (-10 - (2 - 6) - -5) + 3?
-7
What is -477 - -466 - (-4 + 0 - -47)?
-54
Calculate 32 + -47 + 13 + 47.
45
Calculate 6 - 1 - (-106 - (6 - -19)) - (-24 + 37).
123
Evaluate 30 + ((-6 - 22) + 4 - -11) + (10 - 5).
22
Evaluate -20 + (159 - (100 + -89)).
128
What is 12 + -26 + 1 + 40?
27
What is the value of -267 - -279 - (-2 - (6 - -2) - -146)?
-124
What is the value of (-115 - -3) + -3 + 29 + -13 + -37?
-136
What is the value of (-145 - -2) + 1 + -179 + 179?
-142
-72 - (-276 - -108) - 87
9
What is the value of 10 + -7 - (-1 + -10) - ((-73 - -57) + 74)?
-44
Calculate 34 + -38 + -12 + -8 + -4.
-28
What is the value of 1 + (-9 - (-1 + -3)) - (-77 + 141 - -49)?
-117
What is 1 + -5 + 6 - (1 - -24) - (-9 + -1)?
-13
Evaluate (-1 - (-11 + (-2 - -11))) + (-10 - (-28 - 20)).
39
What is (-209 - (25 + -232